Let w be p/98 - 30/(-7). Suppose -71 + 19 = -w*k. List the prime factors of k.
13
What are the prime factors of 34 - (-3)/(-8 - -5)*-5?
3, 13
Let m(k) = 2*k**3 - 7*k**2 - 9*k + 5. Let v(w) = -w**3 + 3*w**2 + 5*w - 2. Let s(c) = -3*m(c) - 5*v(c). What are the prime factors of s(5)?
2, 3, 5
Suppose -18*b + 20*b = 3924. What are the prime factors of b?
2, 3, 109
Let u(c) be the third derivative of 0 - 1/20*c**6 + 0*c - 1/24*c**4 + 0*c**5 + 0*c**3 + 6*c**2. What are the prime factors of u(-1)?
7
Suppose -17*s + 6 = -20*s. List the prime factors of (22/(-55))/(s/760).
2, 19
Let q(n) = -4*n + 10 - 2*n**2 - n**3 - 1 + 0 - 3*n**2. List the prime factors of q(-7).
3, 5
Let u(l) = 27*l - 3. Let y(d) = 1. Let g(j) = u(j) + 4*y(j). What are the prime factors of g(1)?
2, 7
Suppose 0 = 4*q + 4, -l - 3*q = -4*l + 1989. What are the prime factors of l?
2, 331
Let z be 1 + 0 + -4*1. Let p be (-3 + 7 + z)*1. List the prime factors of p*(3 + (-4 - -7)).
2, 3
Let r(q) = -616*q + 103. What are the prime factors of r(-3)?
1951
Let n(u) = 3*u**3 + 5*u**2 + 3*u - 11. What are the prime factors of n(5)?
2, 3, 7
Let h(k) = -34*k - 70. List the prime factors of h(-21).
2, 7, 23
Let z(a) = -a + 16. Let c(k) = -5*k + 65. Let h(y) = 6*c(y) - 25*z(y). What are the prime factors of h(-7)?
5
Let q = 804 + 153. List the prime factors of q.
3, 11, 29
Let a(h) = 5*h**2 - 6*h + 95. Let c(p) = 4*p**2 - 5*p + 94. Let t(z) = -3*a(z) + 4*c(z). What are the prime factors of t(0)?
7, 13
Let d be (-358)/(-9) - (-20)/90. What are the prime factors of -4*5/(d/(-46))?
23
Let s be (15/(-3))/(6/(-198)). Let h = s - 108. List the prime factors of h.
3, 19
Let a(x) = -7*x + 18. Let y be a(6). Let w = -20 - y. Suppose w*h - 245 = -h. List the prime factors of h.
7
Suppose 43*r - 17*r - 138892 = 0. List the prime factors of r.
2, 2671
Let k = -2023 + 3409. List the prime factors of k.
2, 3, 7, 11
Let v = -11 - -1. Let y(u) = -2*u + 19. List the prime factors of y(v).
3, 13
Let h be 10/20 + 774/4. Let q = h + -137. What are the prime factors of q?
3, 19
Let l be (-15)/25 - (-556)/10. Let t = 7 + l. What are the prime factors of t?
2, 31
Let o(u) = -287*u + 10. List the prime factors of o(-3).
13, 67
Let v be 0/(1 + 8/(-4)). Let z(d) = d**3 + 2*d + 5. What are the prime factors of z(v)?
5
List the prime factors of 10818/14 + 78/273.
773
Let r = 9 + -4. Suppose -r = -4*l + 3*l. Suppose -3 = x, 4*x - 41 = -2*u - l. List the prime factors of u.
2, 3
Suppose -4*t = -0*t + 3*i - 23, -12 = 4*i. Suppose 2*u - 4*m + t*m - 308 = 0, 3*m = -4*u + 591. What are the prime factors of u?
2, 3
Suppose -r + 492 = -0*r. Suppose -8*i + r = -4*i. What are the prime factors of i?
3, 41
Suppose 6290 = -18*b + 22*b - 2*h, 1595 = b + 4*h. List the prime factors of b.
3, 5, 7
Let f(l) = -7*l + 304. What are the prime factors of f(-10)?
2, 11, 17
Suppose 0*s + 5 = s. Let d = 5 + -3. Suppose -s*k + 57 = -d*k. List the prime factors of k.
19
Let x be (-1 - 2/(-8))/((-1)/(-156)). Let t = -95 - x. What are the prime factors of t?
2, 11
Suppose 6*n = 2*n - 36. What are the prime factors of (n/108*4)/(1/(-459))?
3, 17
Let b = -391 + 880. Suppose 7*v - 832 = -5*a + 3*v, b = 3*a - v. What are the prime factors of a?
2, 41
Let z = 751 - 481. List the prime factors of z.
2, 3, 5
Let i(v) = -18*v**2 + 1. Let f be i(-1). Let x = 10 + f. List the prime factors of (-1 + -3)*2*x.
2, 7
Let k(z) be the second derivative of -z**5/20 + 5*z**4/6 + 11*z**3/6 - 2*z**2 + 38*z. What are the prime factors of k(6)?
2, 103
Let u(g) = 4*g - 46. Let k be u(11). What are the prime factors of 9/(-54) + k + (-919)/(-6)?
151
Let d be 260/117 - 2/9. Suppose -d*g + 9 = -g. Let l = 35 - g. What are the prime factors of l?
2, 13
What are the prime factors of (2 + 155)/(3/6)?
2, 157
Let s(l) be the first derivative of l**3/3 + 3*l**2 + 13*l - 26. What are the prime factors of s(-20)?
293
Suppose -24 = -4*t + 4*r, r + 2*r = -2*t - 13. Let n be (8/(-16))/(2/92). Let v = t - n. List the prime factors of v.
2, 3
Let z(p) = -2*p - 39. Let t(a) = a + 19. Let o(f) = 5*t(f) + 2*z(f). List the prime factors of o(7).
2, 3
Suppose -2*k = -4*r + 3*r - 5, 0 = 3*r + 3*k - 30. Suppose -r*s + 121 = -209. List the prime factors of s.
2, 3, 11
Let m = -242 + 975. What are the prime factors of m?
733
Suppose 3*t + 624 = 3*w, t - 3*w = -3*t - 834. Let m = t + 108. Let l = m - -148. What are the prime factors of l?
2, 23
Suppose 13*d - 1229 + 436 = 0. What are the prime factors of d?
61
Suppose 0 = -6*n + 3*n - 18. Let v(y) = -y**3 - 3*y**2 + 9*y + 2. What are the prime factors of v(n)?
2, 7
Let u(v) = -31*v - 1001. List the prime factors of u(-37).
2, 73
Let m be 1*(-2)/6*(-63)/(-3). List the prime factors of (108/14)/((-1)/m).
2, 3
Let i(l) = -l - 3. Let k be i(-5). Suppose 7*z - k*z - 10 = 0. Suppose -3*y - 4*a + z*a + 7 = 0, -5*y + 5*a + 45 = 0. List the prime factors of y.
5
Let d(b) be the first derivative of b**4/4 + 2*b**3/3 + b**2/2 - 6. Let u be d(-3). Let z = -4 - u. List the prime factors of z.
2
Let r be ((-1)/(5/8))/((-1)/95). Suppose 0 = -5*u - 3*j + 187, 7*u + 3*j = 3*u + r. List the prime factors of u.
5, 7
Suppose 0 = 4*i - 8, n + 16 = 3*i + 550. List the prime factors of n.
2, 3, 5
Suppose 0 = -2*u - 3*u + 200. Suppose u = y - 3*h, -2*y - 3*h - 132 = -5*y. Suppose 0 = 2*f - 0*f - y. List the prime factors of f.
23
Let l(c) = -2*c**3 - 54*c**2 + 38*c + 40. What are the prime factors of l(-28)?
2, 17
Let d = 1 + 1. Suppose -d*s + 4*n + 67 = -53, 4*s = 5*n + 240. Suppose 2*a + 7 = 1, 5*k - s = 5*a. What are the prime factors of k?
3
Let d(i) = i**3 + 13*i**2 - 13*i - 12. Suppose 5*b + 34 + 27 = -2*p, 3*b + 33 = -3*p. What are the prime factors of d(b)?
157
Suppose 5*q + 5*d = -4 + 19, -4*d + 6 = q. Suppose -4*t = -q*t - 4. Suppose t = 5*i - c - 148, 0 = -2*i + 5*c + 60. List the prime factors of i.
2, 3, 5
Let q be (15/20)/(-3 - (-580)/192). Let m = 191 - q. What are the prime factors of m?
5, 31
Suppose -9*t - 2*l = -12*t + 4369, 2*l - 7271 = -5*t. What are the prime factors of t?
3, 5, 97
Let k = -968 - -1657. What are the prime factors of k?
13, 53
Let p(u) = 24*u + 9. Suppose 0*x + 25 = 5*x, -4*d + 3*x + 9 = 0. List the prime factors of p(d).
3, 17
Let j = 45 + 19. Suppose 3*u - j = -5*g, 0 = -4*u + 3*g + 159 - 35. What are the prime factors of u?
2, 7
List the prime factors of 35079/9 - 13/(273/14).
3, 433
Let t(a) = 18 - 3 + 2*a + 9. List the prime factors of t(-4).
2
Suppose -3*b + 3*y = -18, b - 5*y + 5 = 31. Let a(t) = -b + t - t - t + 4. What are the prime factors of a(-7)?
2, 5
Let a = 262 + -383. Let p = 59 - a. List the prime factors of p.
2, 3, 5
Suppose -2*d = m - 291, 5*m - m = d - 141. Suppose -2*a + 3*q - d = 0, -2*a + q + 4*q = 135. Let c = -44 - a. List the prime factors of c.
2, 3
Let v = -107 + 466. List the prime factors of v.
359
List the prime factors of -3 - ((-3)/(-5) - 100688/80).
5, 251
Let t(w) = 9*w**2 - 8*w + 15. What are the prime factors of t(8)?
17, 31
Suppose 1052 = 2*p + 4*i, -8*i - 1060 = -2*p - 4*i. Suppose 17*w = 21*w - p. List the prime factors of w.
2, 3, 11
Let v = -4 + 9. Suppose 4*m + 139 = v*l - 4*l, m = -3*l + 456. List the prime factors of l.
151
Let a(x) = x - 1. Let j(d) = 13*d - 14. Let r(b) = -44*a(b) + 4*j(b). What are the prime factors of r(6)?
2, 3
Let h be (3 + -6)*34/(-6). Let d = 74 - h. List the prime factors of d.
3, 19
Suppose 483 = -3*f - h + 2491, -4*f + 2680 = 2*h. What are the prime factors of f?
2, 167
Let c(w) = -w**3 + 8*w**2 + 7*w - 8. Let i be -14 - (3 - 3 - -4). Let v = -10 - i. What are the prime factors of c(v)?
2, 3
Suppose 0 = 4*b - 16 - 0. Let x(d) = -10*d - 46. Let p be x(-6). Suppose b*h + p = 38. What are the prime factors of h?
2, 3
Suppose -82*x = -81*x - 2. Suppose x*p = 3*p + 5*l - 174, p = -4*l + 177. What are the prime factors of p?
3, 7
Let b be 5 - -6 - (1 - 2). Suppose -b*l - 73 = -13*l. What are the prime factors of l?
73
Let r = -395 - -485. List the prime factors of r.
2, 3, 5
Suppose -3*n = -2*g + 50, n + 2*n - 3*g + 48 = 0. Let u = -15 - n. Suppose k + 115 = 3*m - 3*k, 5*m - 182 = -u*k. List the prime factors of m.
37
Let t(k) = k**3 - 11*k**2 - 19*k - 1. Let n be ((-26)/(-3))/((-2)/(-3)). Let a be t(n). List the prime factors of ((-1)/(-1))/(5/a).
2, 3
Let m(d) = d**3